 the ten thousands digit of 28774/(-3)*(-5 + (-21)/(-6))?
1
Suppose g - 62 = 5*l, -6*g + 2*g = l - 227. Suppose -8 + g = k. Suppose 0 = 3*n - 4*z - 298, -2*z - k = -2*n + 147. What is the tens digit of n?
9
Let s(w) = -28*w + 163. Let m be s(16). Let q = m + 429. What is the units digit of q?
4
Suppose 0 = 3*o + 12, 1118 = -2*u - 5*o + 10414. What is the hundreds digit of u?
6
Suppose 0 = 22*k - 19*k - 12. Suppose -a = -k*l + 2*l + 75, -76 = -2*l + 2*a. What is the tens digit of l?
3
Let r = -6825 - -7839. What is the thousands digit of r?
1
Suppose 0 = 5*g - 240 - 160. Suppose -13420 = g*k - 91*k. What is the thousands digit of k?
1
Let k be 23/(-92) + (-3573)/(-4). Suppose -k*t + 1176 = -889*t. What is the units digit of t?
4
What is the tens digit of (0 + 5 - (-414700)/132)*(1 + 2)?
4
Let n(k) be the third derivative of -k**5/60 - k**4/12 - k**3 - 4*k**2. Let z be n(3). What is the units digit of (-2)/(-7) - 1590/z?
6
Suppose -9*k - 17010 = -15*k. Suppose k = 40*j - 13*j. What is the hundreds digit of j?
1
Let p(n) = 2*n**2 - 34*n + 3. Let k be p(17). Suppose -2*u - 70 = -k*c - 0*c, 2*c - 51 = -3*u. What is the units digit of (-4)/c + (-1 - (-782)/12)?
4
Let p(k) = 28*k**2 - 144*k - 568. What is the tens digit of p(-4)?
5
Suppose -9 + 15 = 3*x. Suppose -9*l + x*l = 91. What is the tens digit of 680/7 + l/(-7) + -2?
9
Let i be 1 + (-6)/4*(-20)/15. Let x be -12*(3 + -1 - i)*-1. What is the tens digit of 18*18*(-3)/x?
8
Suppose 37*u - 34*u = 3528. Suppose -79*z - u = -85*z. What is the units digit of z?
6
Let y(m) = 31*m - 104 - 18*m**2 + 32*m**2 - 15*m**2. What is the units digit of y(17)?
4
Let q = -182 + 182. Suppose 3*u + q*a - 868 = a, 3*a - 276 = -u. What is the hundreds digit of u?
2
Suppose -344 = -4*v - 4*j, -v + 62 + 27 = 4*j. What is the tens digit of v + (7 - 8) - 3/1?
8
Suppose 29*c - 142 - 32 = 0. Suppose -609 = -c*u - 285. What is the tens digit of u?
5
Let h be (8138/(-8))/((-1)/4). Suppose h = 4*k + 9*k. What is the tens digit of k?
1
Let m(v) = -v**3 + 25*v**2 - 3*v - 34. Let o(a) = -a**2 + 2*a + 88. Let c be o(-8). What is the thousands digit of m(c)?
1
Suppose -99425 = -15*u + 72228 + 86707. What is the ten thousands digit of u?
1
Let z(h) = -2265*h - 373. What is the thousands digit of z(-2)?
4
Suppose -123*f + 20703 = -120*f. What is the thousands digit of f?
6
Suppose 5 = 7*w - 23. Suppose 0 = -w*x - 5*i + 2073, 87 = -3*x + 5*i + 1598. Suppose 244 = 2*l - 4*g, -3*l + x = l + 4*g. What is the hundreds digit of l?
1
Let a(h) = -949*h**3 + 5*h**2 - 102*h - 217. What is the units digit of a(-2)?
9
Let n(l) = 6*l - 44. Let g be n(3). Let t(y) = -14*y - 160. What is the tens digit of t(g)?
0
Let z(w) = 128*w**3 - 3*w**2 + 28*w - 95. What is the tens digit of z(4)?
6
What is the hundreds digit of 0*3/(-6) + (-27192)/(-6)?
5
Suppose 5*h + 196 = -5*s - 4, -4*s - 5*h - 162 = 0. Suppose 335 = -47*v + 52*v. Let q = v - s. What is the units digit of q?
5
Let h be -2 + (-3)/(-1)*(-3 - 226). Let z = h + 1186. Suppose -5*u = -103 - z. What is the hundreds digit of u?
1
Let s(z) = 5*z**3 + 24*z**2 + 35*z - 5. Let g be s(-19). Let c be g/22*6/(-9). Suppose n - 618 = -3*u + 4*n, 4*u - c = -5*n. What is the tens digit of u?
0
Let a(o) = -2*o**2 + 3*o + 12. Let z be a(0). What is the hundreds digit of 2 + (z - 7 - -510)?
5
Let a(m) = 170*m**2 + 100*m + 619. What is the hundreds digit of a(-6)?
1
Let n(h) = -115*h + 153. Let a be n(-24). Suppose -3*m + 4593 - 217 = -5*u, -a = -2*m - u. What is the tens digit of m?
5
Let i(k) = 101*k + 612. What is the tens digit of i(58)?
7
Let h(y) = -190*y**3 - 164*y**2 - 5*y + 5. What is the ten thousands digit of h(-5)?
1
Let q be 12/42 + 7066*(-1)/(-14). Let n = q - -376. What is the tens digit of n?
8
Let k(n) be the first derivative of -2*n**2 - 16*n - 12. Let o be k(0). What is the units digit of ((-8)/o)/(2/384)?
6
Let j be 30/(-1 - -6)*1*-1. Let h(u) = -24*u - 3. Let t(d) = -48*d - 7. Let s(x) = j*t(x) + 11*h(x). What is the tens digit of s(7)?
7
Let q = 68 - 58. Suppose q*g - 3*g = 1463. Suppose -3*y + g + 82 = 0. What is the units digit of y?
7
Suppose h + 52 = 55. Suppose h*i - 2259 = 597. What is the units digit of i?
2
Let x(n) = -91*n + 7. Let r = 0 + -6. Let u(o) = -46*o + 3. Let h(z) = r*x(z) + 13*u(z). What is the hundreds digit of h(-2)?
1
What is the hundreds digit of ((-5)/((-30)/16))/(32/52944)?
4
Let l(d) = d**2 - 8*d - 20. Let r be l(11). Suppose -r*p = -14*p + 64. Suppose 0 = 3*u + p - 238. What is the tens digit of u?
5
Suppose 17*h - 1655 = 300. What is the hundreds digit of (h/25 + -7)*(-3140)/6?
2
Suppose 55*k - 85320 = -2*h + 51*k, k - 85302 = -2*h. What is the hundreds digit of h?
6
What is the hundreds digit of 840/280 + 2*5774/4?
8
Suppose -12*q = -16*q + 16. Suppose -322 = -q*d - 2*i, d = -3*d + 2*i + 318. What is the tens digit of (-2)/(-3) + d/6?
1
Suppose 0 = 13*z + 20396 - 82003. What is the hundreds digit of z?
7
Let x(f) be the second derivative of 0 + 23*f - 8/3*f**3 + 5/2*f**2. What is the units digit of x(-1)?
1
Let d(m) be the third derivative of 163*m**5/60 + m**4/8 - m**3/2 + 2*m**2. Let i = 43 + -42. What is the units digit of d(i)?
3
Suppose t + 4*t = 370. Let w = 28 - 8. Suppose -2*a = -w - t. What is the tens digit of a?
4
Suppose -16*u + 50 + 30 = 0. Suppose -u*a - 4*t + 4777 = -1888, 5*a + 2*t = 6655. What is the tens digit of a?
2
Let c(i) = -i**3 - 10*i**2 + 10*i - 2. Let u be c(-11). Let b(v) = 2*v**3 - 15*v**2 + v - 15. What is the units digit of b(u)?
7
What is the tens digit of (-1 + -4 - 1)*(-195 - (65 + -22))?
2
Suppose -4*d - 49605 + 11437 = -2*l, l = 5*d + 19102. What is the hundreds digit of l?
0
Let z(l) = 1167*l + 2004. What is the thousands digit of z(8)?
1
Let r(s) = -10*s - 122. Let v be r(-13). What is the tens digit of -5*v/(-60) + (-1399)/(-3)?
6
Suppose 66*p - 88*p = -2728. What is the tens digit of p?
2
Suppose -j - 39*f - 26 = -44*f, -4*f = 5*j + 188. What is the units digit of 462 + (j/8 - (-2)/(-4))?
7
Let v(b) = 3*b + 176. Let h be v(33). Let n = -12 + 20. Suppose -5*m + h - n = t, 210 = 4*m - t. What is the tens digit of m?
5
Suppose -3*y - 12 = 0, -5*a - 7 = -4*y + 2. Let k be (-357)/a*1 + 3/5. Suppose r = -3*d + k, 7*d - 2*d - 120 = r. What is the tens digit of d?
2
Let t(i) = 6*i**3 + 9*i**2 - 139*i - 16. What is the hundreds digit of t(12)?
9
Suppose -97*w = -208*w + 55*w + 497504. What is the thousands digit of w?
8
Let x(s) = 14*s**3 - 13*s**2 + 37*s + 2. What is the thousands digit of x(5)?
1
Let m = -15597 - -25650. What is the tens digit of m?
5
Let h be (-4)/(-1) + -35 + 34. What is the units digit of -3 + 15/9 - (-1126)/h?
4
Let m = -80 + 85. What is the tens digit of (-1)/m - ((-5044)/20 - -4)?
4
Let k = 146 - 141. What is the units digit of ((3 - 10) + k)*69*-1?
8
Let z = -516 - -656. Suppose -3542 = -9*n - z. What is the tens digit of n?
7
Let w be ((-28)/(-21))/2 - (-4296)/9. Suppose -w*h + 477*h = -366. What is the hundreds digit of h?
3
Suppose -314*t + 6785721 + 7257264 = 4743247. What is the units digit of t?
7
Let b(v) = -4*v**2 - 622*v - 54. What is the tens digit of b(-107)?
0
Let u be (-4)/10 + 30/75. Let v be -5 - (-4 - u) - -15. Suppose v = 5*r - 11. What is the units digit of r?
5
Let z(a) = -2*a - 70. Let x be z(-4). What is the tens digit of -9 + 2 - (-6 + x)?
6
What is the tens digit of (-44105222)/(-848) - 5/(-40)?
1
Suppose 2*r + 4*t + 2596 = 0, -4*t - 2568 = 2*r - 7*t. Let f = r + 1843. What is the units digit of f?
3
Let s(j) be the second derivative of -j**6/30 - 3*j**5/8 - 23*j**4/12 + 25*j. Let z(b) be the third derivative of s(b). What is the tens digit of z(-6)?
9
Let p(l) = l**3 + 47*l**2 + 43*l + 85. What is the tens digit of p(-25)?
6
Suppose -32*p + 224 = -256. What is the tens digit of -8 + (-1012)/(-12)*p?
5
Suppose 324330 = 30*j - 582330. What is the ten thousands digit of j?
3
Suppose -14 = -h - h - 2*v, 0 = -v - 1. What is the units digit of (8/h)/(3/591)?
7
Suppose -19*c + 81*c = 517948. What is the tens digit of c?
5
Let r = 15 + -11. Let j be 0/(-6 + 27 + -9). Suppose 71 = u - j*m + m, m + 259 = r*u. What is the units digit of u?
6
Let k(t) = 1233*t + 854. What is the units digit of k(15)?
9
What is the thousands digit of (1 + 5)/((-171682)/15608 + (-1034)/(-94))?
5
Let t be (0